).
5
Suppose 11*g - 47 = -6*g + 55. Let r(p) = p**2 - 11*p + 37. Calculate r(g).
7
Suppose 4008*o - 12 = 4010*o + 4*q, -4*q - 24 = -o. Let s(v) = 296*v - 1182. Give s(o).
2
Let f(p) = 11 - 128141*p + 40 + 128129*p + 432. Give f(41).
-9
Suppose 2*i + 13 = 4*i - 3*t, 0 = 3*t + 9. Suppose -13*l + 12*l - g = -9, -6 = -4*l + i*g. Let w(y) = -7*y + 5. Give w(l).
-23
Suppose 1464 = 2*s + 1478. Let q(z) = z + 1. Let m(r) = -5*r + 2. Let f(w) = m(w) + 3*q(w). Give f(s).
19
Let o(u) = u**2 - 16*u - 29. Let f be o(19). Let n(k) = 1 + 0 + f*k - 55*k + 39*k. Suppose -1 = 5*h - 6. What is n(h)?
13
Let i(y) be the second derivative of -7*y**3/2 + 46*y**2 - 970*y - 3. Determine i(4).
8
Let j(o) = 17*o - 20*o - 159 + 25. What is j(-47)?
7
Let k(c) = 2*c + 2. Let p = 54 + -60. Let o = p + 25. Suppose -o*r - 4 = -18*r. What is k(r)?
-6
Let m = 5 + 0. Let p(y) = 953*y - 1. Let c(q) = 5720*q - 8. Let z(x) = -c(x) + 6*p(x). Calculate z(m).
-8
Let u(b) = 2*b + 12. Let m be u(-11). Let l = -7 - m. Suppose -2*z = l*z. Let h(r) = -r**3 - r - 12. Determine h(z).
-12
Let v(a) = 6*a - 9. Suppose -20*f = 1313 + 1667. Let b = f + 155. Determine v(b).
27
Suppose 34*w - 40*w + 18 = 0. Let l(s) = -2 - 3 + 4 + 5*s - 1 - w. Give l(10).
45
Let r(d) = -79*d + 52. Let p(v) = -70*v + 45. Let h(n) = -7*p(n) + 6*r(n). Suppose 5*l + 3*q = -0*l + 4, -5*q - 20 = -5*l. Calculate h(l).
29
Let x(t) be the third derivative of -4*t**5/15 - t**4/3 - t**3 + 5264*t**2. What is x(-1)?
-14
Let z(c) be the first derivative of c**4/12 - 119*c - 67. Let u(w) be the first derivative of z(w). Determine u(1).
1
Let x(z) be the first derivative of 7/3*z**3 + 0*z**2 - 2 + z + 1/4*z**4. Let a(k) = 4*k**3 + 19*k**2 + 85*k + 443. Let g be a(-5). Give x(g).
1
Let t(j) = 3*j - 1. Let o = -36 + -98. Let i = o + 132. What is t(i)?
-7
Suppose -4*a - 4 = -3*j + 11, 2*j = 5*a + 10. Suppose 0 = 2*f - 61*s + 60*s + 10, 2*f - 2*s + 14 = a. Let c(k) = k**3 + 4*k**2 + 6. Determine c(f).
15
Let r(q) = 5*q + 16. Suppose l = 2*k - 5*k - 22, 4*l - k = -23. Let n(d) = 2*d + 7. Let m(z) = l*n(z) + 3*r(z). Give m(7).
6
Let d(f) = f**2 + 4*f + 6. Let v be d(-4). Let j(t) = 4420*t - 2209*t - 14 - 2209*t. Let l be j(v). Let i(u) = 2*u**3 + 2*u**2 - u. Calculate i(l).
-6
Suppose 450 = 51*v - 162. Let n(q) be the first derivative of q**3/3 - 13*q**2/2 + 13. Determine n(v).
-12
Let m be (7/2)/(-11 - (-230)/20). Let z(u) = 3*u**3 - 14*u**2 + 11*u + 11. Let i(l) = -2*l**3 + 9*l**2 - 8*l - 7. Let o(w) = m*i(w) + 5*z(w). Give o(7).
-1
Let q = 872 + -879. Let k(d) = 3*d + 2. Let m(h) = 9*h + 6. Let z(o) = q*k(o) + 2*m(o). Give z(-1).
1
Let k = 14 + -21. Let p = 3 + k. Let g = p - 2. Let r(h) = -h + 8. Calculate r(g).
14
Let f be 117/(-144) + 15/(-80). Let g(u) be the third derivative of 7*u**4/24 + u**2. What is g(f)?
-7
Let y(i) = i**2 - i + 9. Let w be y(3). Let u(t) = 42*t + w + 41*t - 84*t. Determine u(8).
7
Let s be ((-3)/(-10))/3 - 152/(-80). Let k(r) = 90 - 5*r**s + 84 - 175. What is k(-1)?
-6
Let p(q) = -122*q**2 + 11*q - 129*q**2 - 125*q**2 + 11 + 377*q**2. Calculate p(-13).
37
Suppose 0 = 9*k - 21*k + 1164. Let z = 92 - k. Let u(i) = -3*i - 8. Give u(z).
7
Let r(p) = -12*p**3 - 2*p - p**2 + 21*p**3 + 2*p**3 - 1. Let n be 10 + -2 + -2 + -7. Give r(n).
-11
Let k(b) = 3*b + 4. Suppose 0 = -d + 3, -o - 3*d + 17 = o. Let l(u) = -16*u + o - 11 - 10 - 4. Let y(v) = -11*k(v) - 2*l(v). Give y(-2).
0
Let m(c) = 16*c**2 + 62*c - 7*c**2 - 15*c - 10*c**2 - 261 + 5*c. Give m(6).
15
Let o(y) = 29*y + 29*y + 8*y**2 + y**3 - 108*y + 25*y + 10 + 26*y. Determine o(-7).
52
Suppose -516 - 283 = -75*h - 274. Let l(g) = -1 - 8 + 2 + 2*g. What is l(h)?
7
Suppose 0 = -5*c + 3*c + 8. Suppose -4*x - 13 = 3*s, -2*s + 5*s = c*x + 19. Let j(f) = -3*f**2 - 3*f + 4 - 2*f**2 + 0*f**2 + 4*f**2. What is j(x)?
0
Let b(j) = 1 + 119*j - 261*j + 2 + 0 + 4*j**2 + 138*j - j**3. Let t = 7 + -4. Calculate b(t).
0
Let i(b) = 9*b - 136. Let p be (-1 + 1 + -12)*(98/(-42) + 1). Give i(p).
8
Let w be ((-178)/(-4))/(1/2). Suppose -w - 26 = 23*a. Let j(i) = -i**3 - 6*i**2 - 5*i - 4. Calculate j(a).
-4
Let c(v) be the third derivative of 1/60*v**5 - 1/120*v**6 + 0*v**4 - 15*v + 0 - 1/3*v**3 + 2*v**2. Determine c(2).
-6
Let t be (-5 - -5) + -1 - (-25 + 0). Suppose -t = 110*q - 116*q. Let o(x) = 14*x**2 - 25*x**2 + 12*x**2 + 2 - 3*x. Determine o(q).
6
Let w(a) = a + 2. Let j(q) = -1330 + 0*q + 1350 + 2*q + 4*q. Let h(m) = -j(m) + 8*w(m). Give h(4).
4
Let a(v) be the first derivative of -v**4/12 - v**3 + v**2 + 6*v - 2. Let s(n) be the first derivative of a(n). Let l = 530 + -535. Determine s(l).
7
Let n(u) = -u**3 + 6*u**2 - u + 7. Let i be (-120)/320 + (-43)/(-8). Suppose -13 = -3*x - j, i*j - 1 = 4*x + 10*j. What is n(x)?
1
Let l(q) = -q**2 - 10*q - 7. Let p = -4 + 11. Let r(k) = 2*k**2 - 9*k + 14. Let u be r(p). Suppose 5*n + u = -2*n. Give l(n).
14
Let i = -3344 + 3342. Let q(k) = -5*k**3 + 4*k + 3. Determine q(i).
35
Let s(g) be the second derivative of g**3/6 - 9*g**2/2 - 31*g. Let n = 659 + -647. Give s(n).
3
Let f = -170 - -180. Let o(k) = k + 6*k - 11 - 3*k - 3*k. What is o(f)?
-1
Let x(z) be the second derivative of z**5/10 - 7*z**4/12 - 5*z**3/6 - z**2/2 - z - 65. Let l be x(4). Let t(c) = c**3 + 5*c**2 - c - 4. What is t(l)?
1
Let w(s) = -129*s**2 + 4*s - 3. Let k(o) = 2*o**2 + o - 2. Let r(t) = -2*k(t) + w(t). Calculate r(-1).
-134
Let n be ((-57)/(-102) - (-50)/(-850))/(1/(-8)). Let l(t) be the first derivative of -t**3/3 - 3*t**2/2 + 2*t - 1. What is l(n)?
-2
Let s(a) = 3592284*a**2 - 30*a - 3592285*a**2 + 10*a - 68. Give s(-15).
7
Suppose 3 = -3*w + 2*w. Let p(f) = -36 - 34 - 10 + 72 - 3*f. What is p(w)?
1
Let t(o) = -32*o - 16. Suppose -2*u - 3*r + 8 = 0, 27*r = -5*u + 4*r + 113. Calculate t(u).
144
Let q(x) = -100*x**2 + 28*x + 1. Let m(b) = 35*b**2 - 9*b. Let v(f) = -17*m(f) - 6*q(f). Determine v(3).
-6
Let m be 8/(-10)*(-75)/6. Let a(g) be the second derivative of g**4/12 - 2*g**3 + 2*g**2 + 637*g. Calculate a(m).
-16
Let g(k) = k**3 + 10*k**2 + 26*k + 16. Suppose -69*n - 446*n - 2744 = -123*n. Give g(n).
-19
Let m(p) = 3*p - 3. Suppose -l + 18 = 3*g, -3*g + l = -g - 12. Suppose g*s - 3*s - 6 = 0. Let d = -7 + s. Calculate m(d).
-18
Suppose 4*s - 4*h - 1 = -5, 0 = -4*s + 3*h. Suppose -6 = -s*n - 0*n. Let w be ((-1)/n)/(1/6) - -2. Let l(v) = v**3 + v + 1. What is l(w)?
-1
Suppose -5*x + 3 + 2 = 5*h, 0 = 3*h + 5*x + 5. Let c = h + -2. Let m(z) = 148*z + 4. Let j(n) = 119*n + 3. Let q(a) = 5*j(a) - 4*m(a). Give q(c).
8
Let l(m) = m**2 + 7*m + 6. Suppose -8*y + 19 = 3. Suppose y*n - 73 = 3*n. Let j = -79 - n. Give l(j).
0
Let g(r) = 4*r**2 - 7*r - 6. Let a(q) = -21*q**2 + 36*q + 31. Let f(t) = -2*a(t) - 11*g(t). Let v = 936 + -928. Let o be 2 + -5 + 0 + v. Determine f(o).
-21
Let m(x) = -3*x**3 - 3*x**2 + x - 11. Let t be -8 - (-2 - 8) - (2 + -4). Let c(y) = -5*y**3 - 5*y**2 + 2*y - 19. Let l(j) = t*c(j) - 7*m(j). Calculate l(0).
1
Let y(o) = -20*o**3 + 2*o**2. Let u(p) = -59*p**3 + 11*p**2 - 2*p - 16. Let w(n) = -u(n) + 3*y(n). What is w(-4)?
-8
Suppose 16*m = 15*m + 2. Suppose 4*s - 17 = 3*c, -2*s - 2*c + 0*c = m. Let r(o) = s + 1 - 2 - 2*o + 0. Calculate r(1).
-1
Let r = 55 + -10. Let w(a) = -r + 10*a**2 - a**3 - 44 + 78. Let i = -220 + 230. Calculate w(i).
-11
Let m(a) be the third derivative of -a**6/120 + 2*a**5/15 - a**4/3 - 23*a**3/6 + 227*a**2 + 2*a + 14. Determine m(6).
1
Let h = -107 - -111. Suppose -n + 3*w + 9 = -h, 4*n - 7 = 3*w. Let y(s) be the first derivative of s**4/4 + s**3 - s**2/2 + 1. Calculate y(n).
6
Let f be (-2)/2*3 + -13 + 176. Suppose -3*c - f = -4*y, -102 = -2*y - 5*c + c. Let b(d) = 1 - y*d + 31*d**2 + 45*d - 30*d**2. What is b(-5)?
16
Let a be (-21)/49 + 12/28. Let y be ((-3)/(-6))/(2/(-8) + a). Let i(c) = -3 - 2*c - 2*c**2 + 6*c**2 - 3*c**2. Determine i(y).
5
Let b(l) = 5*l**3 + 17*l**2 + 17*l - 3. Let m(s) = -38*s**3 - 120*s**2 - 120*s + 21. Let p(c) = -15*b(c) - 2*m(c). What is p(16)?
19
Let r(n) = 12*n + 41. Let g(t) = 8*t + 29. Let v(p) = 16*g(p) - 11*r(p). Calculate v(11).
-31
Let m be (-4)/(-6)*3*(-24)/(-3). Suppose 0 = 2*f - 4*d - m, f - 9 = -4*d - 25. Suppose -8*a + 4*a - 8 = f. Let c(j) = j**2 - j - 1. Calculate c(a).
5
Let z(j) = -j**2 - 17*j - 7. Let q be 22*(-18)/42 - (-28)/(-49). What is z(q)?
63
Let v(x) be the th